st common divisor of 696 and 1713721128.
696
What is the greatest common divisor of 456 and 498612?
12
What is the highest common factor of 408107994 and 206304?
12894
Calculate the highest common divisor of 3203487 and 1575.
63
What is the greatest common factor of 48873 and 127577783?
1481
Calculate the highest common factor of 4332 and 6470203.
361
Calculate the greatest common divisor of 698672 and 126256.
208
What is the greatest common divisor of 1344 and 58991040?
192
What is the highest common divisor of 24894 and 117018?
54
Calculate the highest common divisor of 906 and 12404046.
906
Calculate the highest common factor of 1538433728 and 208.
208
What is the greatest common factor of 10496625 and 4125?
375
What is the greatest common divisor of 87609 and 3238401?
87
Calculate the highest common factor of 8547 and 261808855.
2849
Calculate the highest common factor of 20672704 and 1664.
832
What is the highest common factor of 158 and 9610034?
158
What is the greatest common divisor of 131500 and 240908?
1052
Calculate the greatest common factor of 95485 and 496015.
845
Calculate the highest common divisor of 304 and 718672.
16
What is the highest common divisor of 25282830 and 37280?
2330
What is the highest common factor of 165600 and 354600?
1800
What is the greatest common factor of 620120424 and 2142?
714
What is the highest common divisor of 204478474 and 4645?
929
What is the greatest common divisor of 139151130 and 2460?
1230
Calculate the greatest common divisor of 2180 and 352563225.
545
What is the highest common divisor of 685732 and 129770?
1366
What is the highest common factor of 9000 and 108975?
75
What is the greatest common factor of 539277 and 342?
57
Calculate the highest common divisor of 523103751 and 243.
81
What is the greatest common factor of 62114871 and 39?
39
What is the highest common divisor of 1338714 and 415726?
3814
What is the highest common divisor of 325481913 and 603?
603
What is the greatest common divisor of 27359782 and 5590?
86
Calculate the greatest common factor of 96 and 1776052.
4
What is the highest common factor of 60650 and 170?
10
What is the greatest common divisor of 4189464 and 28272?
744
Calculate the highest common factor of 1326 and 23811.
3
What is the highest common factor of 2195823185 and 2995?
2995
What is the highest common divisor of 141345042 and 645?
129
Calculate the greatest common factor of 25472 and 19200.
128
What is the highest common factor of 1449 and 8212449?
483
Calculate the greatest common factor of 7405417 and 2021.
43
Calculate the greatest common factor of 359900 and 2906340.
1180
Calculate the greatest common factor of 296 and 1084618.
74
What is the greatest common factor of 710480 and 1570?
10
Calculate the highest common factor of 64370 and 20828.
82
What is the highest common factor of 339428951 and 12245?
2449
What is the highest common divisor of 2700 and 9477800?
100
Calculate the greatest common factor of 139070721 and 2595.
519
What is the greatest common factor of 302130 and 8262?
162
Calculate the greatest common divisor of 5389490 and 1880.
470
Calculate the highest common factor of 7176634 and 89006.
382
What is the greatest common factor of 1920 and 87873920?
640
Calculate the highest common factor of 6344970 and 6.
6
What is the greatest common factor of 1633534830 and 9990?
9990
What is the highest common factor of 96208 and 11536?
112
Calculate the highest common factor of 272 and 6832192.
16
Calculate the greatest common divisor of 62679582 and 9765.
1953
Calculate the highest common factor of 247 and 143849.
19
Calculate the greatest common factor of 10 and 15459980.
10
Calculate the highest common divisor of 2367 and 47046492.
2367
Calculate the highest common divisor of 36500 and 2042500.
500
Calculate the highest common factor of 7049 and 2308733.
371
What is the highest common divisor of 163505 and 46275?
3085
What is the greatest common divisor of 264229 and 3101?
7
Calculate the greatest common divisor of 10275 and 3643378.
137
Calculate the highest common divisor of 10339 and 8943823.
49
What is the highest common factor of 22659462 and 11592?
2898
Calculate the greatest common divisor of 65 and 362645.
5
What is the highest common factor of 578933686 and 3572?
1786
Calculate the greatest common divisor of 10008508 and 688.
172
What is the greatest common divisor of 193984659 and 27?
27
What is the highest common divisor of 9438 and 750633?
39
Calculate the greatest common divisor of 98840154 and 1081.
1081
What is the greatest common divisor of 53772183 and 23?
23
Calculate the highest common divisor of 101504234 and 208.
26
Calculate the greatest common divisor of 78 and 208611351.
39
Calculate the greatest common divisor of 1230 and 38114625.
615
Calculate the highest common divisor of 16845 and 322065.
15
Calculate the highest common divisor of 454166 and 34.
2
What is the greatest common factor of 5751 and 82409274?
639
Calculate the highest common factor of 29492160 and 24.
24
What is the greatest common divisor of 29627 and 5824?
13
Calculate the greatest common factor of 1133813065 and 385.
385
What is the highest common factor of 254635 and 668655?
635
What is the greatest common divisor of 1470 and 815360?
490
Calculate the highest common factor of 44511 and 81585.
111
What is the highest common divisor of 264255 and 5575?
1115
Calculate the greatest common factor of 2572 and 7830.
2
Calculate the greatest common divisor of 3139 and 637071.
73
Calculate the greatest common factor of 637 and 361283.
13
Calculate the highest common factor of 851695 and 4459.
13
Calculate the greatest common divisor of 148 and 25148974.
74
Calculate the highest common divisor of 162 and 159207066.
54
What is the highest common divisor of 138321 and 27531002?
5123
Calculate the highest common factor of 65943237 and 15.
3
Calculate the greatest common divisor of 35673 and 7366095.
759
What is the greatest common divisor of 2371002345 and 9?
9
What is the greatest common divisor of 42 and 1308096930?
42
Calculate the greatest common divisor of 5 and 563353435.
5
Calculate the highest common factor of 384 and 185532.
12
Calculate the highest common factor of 124495 and 7315.
35
Calculate the greatest common factor of 28715 and 38970.
5
Calculate the greatest common divisor of 52194038 and 1794.
598
Calculate the highest common divisor of 6500 and 11800620.
260
What is the greatest common divisor of 113724 and 2170962?
1458
Calculate the greatest common divisor of 112 and 268417744.
112
Calculate the greatest common divisor of 13376 and 21720534.
418
Calculate the greatest common divisor of 48 and 92005656.
24
What is the greatest common divisor of 19536468 and 252?
84
Calculate the greatest common divisor of 60201184 and 220384.
2272
Calculate the greatest common factor of 42271584 and 128.
32
What is the highest common divisor of 16 and 70619280?
16
What is the highest common divisor of 373152756 and 36?
12
Calculate the greatest common divisor of 26404005 and 30.
15
What is the greatest common divisor of 967717 and 14192?
887
Calculate the greatest common divisor of 42075 and 2735997.
561
What is the highest common factor of 93627074 and 12?
2
What is the highest common factor of 6708 and 6166836?
156
What is the greatest common divisor of 1177065 and 180?
45
What is the highest common divisor of 6780 and 435169780?
2260
Calculate the greatest common factor of 266065 and 7204705.
2095
What is the highest common factor of 5413135 and 1365?
455
Calculate the highest common factor of 19110 and 3514.
14
What is the highest common divisor of 339 and 81780925?
113
Calculate the greatest common factor of 297766 and 58002.
14
What is the highest common factor of 12639 and 19080294?
1149
Calculate the greatest common factor of 31050 and 425638.
46
Calculate the greatest common factor of 6542 and 58168193.
3271
What is the greatest common factor of 29897975 and 25?
25
Calculate the highest common factor of 1683 and 21742677.
1683
Calculate the highest common divisor of 10266131 and 518.
37
What is the greatest common divisor of 16825277 and 49?
49
Calculate the highest common divisor of 864 and 1688224.
32
Calculate the greatest common divisor of 